, 7, 47, 1033
What are the prime factors of 4388?
2, 1097
List the prime factors of 138325.
5, 11, 503
List the prime factors of 1130429.
1130429
List the prime factors of 14397840.
2, 3, 5, 19997
What are the prime factors of 23320449?
3, 97, 26713
List the prime factors of 1372987.
7, 11, 1621
List the prime factors of 1887186.
2, 3, 7, 131
What are the prime factors of 18316061?
18316061
List the prime factors of 18893554.
2, 9446777
List the prime factors of 12677.
7, 1811
What are the prime factors of 2270390?
2, 5, 89, 2551
List the prime factors of 1984027.
787, 2521
What are the prime factors of 29340975?
3, 5, 67, 5839
What are the prime factors of 142495?
5, 28499
List the prime factors of 31932.
2, 3, 887
List the prime factors of 4568934.
2, 3, 761489
List the prime factors of 9011.
9011
List the prime factors of 6510372.
2, 3, 11, 31, 37, 43
What are the prime factors of 391860?
2, 3, 5, 7, 311
What are the prime factors of 38184493?
4513, 8461
What are the prime factors of 13928257?
7, 1229, 1619
List the prime factors of 7062205.
5, 19, 79, 941
What are the prime factors of 89598?
2, 3, 109, 137
List the prime factors of 182210.
2, 5, 7, 19, 137
What are the prime factors of 233456?
2, 14591
List the prime factors of 212357.
73, 2909
List the prime factors of 1067194.
2, 97, 5501
What are the prime factors of 1511741?
7, 11, 29, 677
List the prime factors of 12721803.
3, 131, 32371
List the prime factors of 495905.
5, 99181
List the prime factors of 719.
719
What are the prime factors of 2217140?
2, 5, 17, 6521
What are the prime factors of 565077?
3, 188359
What are the prime factors of 757295?
5, 7, 11, 281
List the prime factors of 1720394.
2, 13, 66169
What are the prime factors of 225931?
225931
What are the prime factors of 20762579?
29, 47, 15233
List the prime factors of 205168.
2, 12823
What are the prime factors of 1246886?
2, 127, 4909
What are the prime factors of 13100468?
2, 3275117
What are the prime factors of 273839?
41, 6679
What are the prime factors of 2736160?
2, 5, 7, 349
List the prime factors of 10924620.
2, 3, 5, 7, 19, 37
List the prime factors of 4677538.
2, 67, 521
What are the prime factors of 104050?
2, 5, 2081
List the prime factors of 865344.
2, 3, 4507
What are the prime factors of 189229?
189229
List the prime factors of 134774.
2, 79, 853
List the prime factors of 438685.
5, 13, 17, 397
What are the prime factors of 9280690?
2, 5, 43, 113, 191
What are the prime factors of 9777314?
2, 503, 9719
List the prime factors of 73782.
2, 3, 4099
List the prime factors of 7028594.
2, 19, 37, 4999
What are the prime factors of 21442375?
5, 171539
List the prime factors of 702874.
2, 351437
What are the prime factors of 30625?
5, 7
List the prime factors of 2687492.
2, 71, 9463
List the prime factors of 374802.
2, 3, 62467
What are the prime factors of 749842?
2, 37, 10133
List the prime factors of 100944.
2, 3, 701
List the prime factors of 8226900.
2, 3, 5, 11, 277
What are the prime factors of 1290783?
3, 13, 23, 1439
What are the prime factors of 5296324?
2, 11, 120371
List the prime factors of 358701.
3, 7, 19, 29, 31
What are the prime factors of 206233?
206233
What are the prime factors of 5293679?
5293679
What are the prime factors of 2248337?
7, 13, 31, 797
What are the prime factors of 5788843?
71, 81533
What are the prime factors of 140974?
2, 70487
List the prime factors of 229985.
5, 7, 6571
What are the prime factors of 818066?
2, 409033
What are the prime factors of 17614064?
2, 13, 19, 4457
List the prime factors of 1508179.
23, 2851
What are the prime factors of 719533?
719533
List the prime factors of 479204.
2, 11, 10891
List the prime factors of 34296251.
11, 739, 4219
List the prime factors of 42652.
2, 10663
List the prime factors of 3367033.
47, 71, 1009
List the prime factors of 720007.
720007
What are the prime factors of 815127?
3, 167, 1627
What are the prime factors of 996887?
996887
List the prime factors of 17708158.
2, 13, 52391
What are the prime factors of 7788087?
3, 865343
List the prime factors of 6476926.
2, 3238463
What are the prime factors of 2206509?
3, 47, 15649
What are the prime factors of 192326?
2, 23, 37, 113
What are the prime factors of 854616?
2, 3, 7, 5087
What are the prime factors of 170154?
2, 3, 23, 137
List the prime factors of 792432.
2, 3, 5503
What are the prime factors of 2733799?
2733799
List the prime factors of 5106182.
2, 271, 9421
List the prime factors of 829266.
2, 3, 41, 3371
List the prime factors of 16082937.
3, 13, 101, 1361
List the prime factors of 505423.
673, 751
What are the prime factors of 1690275?
3, 5, 31, 727
What are the prime factors of 9817632?
2, 3, 11, 1033
List the prime factors of 3885444.
2, 3, 37, 2917
What are the prime factors of 19847299?
19847299
List the prime factors of 108565.
5, 21713
What are the prime factors of 1207990?
2, 5, 7, 17257
List the prime factors of 3728938.
2, 1864469
List the prime factors of 103227.
3, 19, 1811
What are the prime factors of 159236?
2, 7, 11, 47
List the prime factors of 48350.
2, 5, 967
What are the prime factors of 319968?
2, 3, 11, 101
What are the prime factors of 6248?
2, 11, 71
List the prime factors of 355790.
2, 5, 47, 757
What are the prime factors of 1692337?
1692337
What are the prime factors of 474707?
474707
List the prime factors of 9959496.
2, 3, 19, 21841
List the prime factors of 1776833.
1776833
List the prime factors of 2528394.
2, 3, 11, 29, 1321
What are the prime factors of 972624?
2, 3, 23, 881
What are the prime factors of 1092175?
5, 7, 79
What are the prime factors of 117167?
117167
What are the prime factors of 422888?
2, 52861
List the prime factors of 307745.
5, 61, 1009
List the prime factors of 4113497.
1061, 3877
List the prime factors of 16321.
19, 859
What are the prime factors of 5311959?
3, 29, 61057
What are the prime factors of 6812237?
71, 95947
What are the prime factors of 328957?
101, 3257
What are the prime factors of 4305927?
3, 97, 14797
What are the prime factors of 120197?
7, 11, 223
List the prime factors of 640900.
2, 5, 13, 17, 29
What are the prime factors of 3554208?
2, 3, 7, 41, 43
List the prime factors of 3241261.
47, 68963
What are the prime factors of 194234?
2, 97117
What are the prime factors of 2499752?
2, 312469
What are the prime factors of 1007247?
3, 19, 41, 431
List the prime factors of 5290325.
5, 29, 7297
What are the prime factors of 461600?
2, 5, 577
List the prime factors of 1269437.
13, 97649
List the prime factors of 75125.
5, 601
What are the prime factors of 962763?
3, 61, 5261
List the prime factors of 5936.
2, 7, 53
List the prime factors of 22170844.
2, 37, 149803
List the prime factors of 6692839.
23, 290993
List the prime factors of 283439.
13, 21803
What are the prime factors of 77340?
2, 3, 5, 1289
What are the prime factors of 25818970?
2, 5, 31, 37, 2251
List the prime factors of 287739.
3, 10657
List the prime factors of 2325406.
2, 109, 10667
What are the prime factors of 3703280?
2, 5, 7, 17, 389
List the prime factors of 636477.
3, 53, 4003
List the prime factors of 243273.
3, 83, 977
List the prime factors of 683920.
2, 5, 83, 103
What are the prime factors of 1374706?
2, 67, 10259
What are the prime factors of 406950?
2, 3, 5, 2713
What are the prime factors of 956840?
2, 5, 19, 1259
List the prime factors of 1820595.
3, 5, 7, 2477
What are the prime factors of 217292?
2, 54323
What are the prime factors of 6592063?
67, 98389
What are the prime factors of 85168?
2, 5323
List the prime factors of 1538832.
2, 3, 32059
What are the prime factors of 1370521?
1370521
What are the prime factors of 377071?
377071
List the prime factors of 796866.
2, 3, 7, 18973
List the prime factors of 10367717.
173, 59929
List the prime factors of 198987.
3, 19, 3491
List the prime factors of 7210519.
19, 379501
What are the prime factors of 4384074?
2, 3, 730679
List the prime factors of 290263.
19, 15277
List the prime factors of 1789371.
3, 22091
List the prime factors of 10843029.
3, 1204781
List the prime factors of 24065471.
283, 85037
List the prime factors of 159856.
2, 97, 103
List the prime factors of 2638300.
2, 5, 7, 3769
What are the prime factors of 10683235?
5, 61, 35027
What are the prime f